igit of 3458357?
5
What is the ten thousands digit of 373233?
7
What is the thousands digit of 740126?
0
What is the tens digit of 429874?
7
What is the ten thousands digit of 990568?
9
What is the thousands digit of 117143?
7
What is the thousands digit of 3460020?
0
What is the hundreds digit of 600246?
2
What is the hundred thousands digit of 8641952?
6
What is the thousands digit of 112630?
2
What is the millions digit of 1968672?
1
What is the thousands digit of 318738?
8
What is the thousands digit of 613119?
3
What is the units digit of 182789?
9
What is the hundreds digit of 504523?
5
What is the units digit of 998087?
7
What is the tens digit of 166897?
9
What is the hundred thousands digit of 6004355?
0
What is the units digit of 437693?
3
What is the tens digit of 94161?
6
What is the hundred thousands digit of 889341?
8
What is the units digit of 9715810?
0
What is the tens digit of 8959378?
7
What is the hundreds digit of 605444?
4
What is the tens digit of 33669441?
4
What is the hundreds digit of 1440204?
2
What is the units digit of 461344?
4
What is the units digit of 3005797?
7
What is the hundreds digit of 936425?
4
What is the ten thousands digit of 956600?
5
What is the hundreds digit of 10421335?
3
What is the ten thousands digit of 429704?
2
What is the ten thousands digit of 7498623?
9
What is the units digit of 234721?
1
What is the thousands digit of 6691350?
1
What is the millions digit of 17835316?
7
What is the ten thousands digit of 3244713?
4
What is the hundred thousands digit of 3567419?
5
What is the tens digit of 17099?
9
What is the tens digit of 57259?
5
What is the units digit of 375399?
9
What is the millions digit of 1663910?
1
What is the ten thousands digit of 1263302?
6
What is the hundred thousands digit of 364789?
3
What is the hundred thousands digit of 2371631?
3
What is the units digit of 2515184?
4
What is the units digit of 163543?
3
What is the hundreds digit of 287822?
8
What is the thousands digit of 1970618?
0
What is the hundred thousands digit of 1868776?
8
What is the tens digit of 5536813?
1
What is the tens digit of 787889?
8
What is the thousands digit of 2705554?
5
What is the hundred thousands digit of 17639346?
6
What is the tens digit of 483124?
2
What is the hundred thousands digit of 4134091?
1
What is the ten thousands digit of 564861?
6
What is the hundreds digit of 49591?
5
What is the tens digit of 105219?
1
What is the ten thousands digit of 12103?
1
What is the hundred thousands digit of 842212?
8
What is the thousands digit of 71018?
1
What is the units digit of 4478267?
7
What is the hundreds digit of 1173100?
1
What is the units digit of 166025?
5
What is the ten thousands digit of 737149?
3
What is the hundreds digit of 4989849?
8
What is the hundred thousands digit of 3053786?
0
What is the millions digit of 2236998?
2
What is the thousands digit of 3851685?
1
What is the tens digit of 19821461?
6
What is the hundred thousands digit of 3461306?
4
What is the millions digit of 5510241?
5
What is the units digit of 147195?
5
What is the hundreds digit of 2199270?
2
What is the thousands digit of 18505058?
5
What is the ten thousands digit of 263069?
6
What is the millions digit of 1083311?
1
What is the tens digit of 24960?
6
What is the units digit of 10429211?
1
What is the tens digit of 37323595?
9
What is the ten thousands digit of 2929414?
2
What is the tens digit of 5900219?
1
What is the hundred thousands digit of 531293?
5
What is the millions digit of 1884526?
1
What is the ten thousands digit of 1135565?
3
What is the ten thousands digit of 269567?
6
What is the hundreds digit of 374756?
7
What is the thousands digit of 455262?
5
What is the tens digit of 242829?
2
What is the units digit of 1110984?
4
What is the ten thousands digit of 217353?
1
What is the ten thousands digit of 858084?
5
What is the hundreds digit of 130853?
8
What is the thousands digit of 122583?
2
What is the tens digit of 55616?
1
What is the ten millions digit of 15705260?
1
What is the tens digit of 91016?
1
What is the millions digit of 2501120?
2
What is the millions digit of 9889087?
9
What is the hundred thousands digit of 135170?
1
What is the thousands digit of 7779404?
9
What is the hundred thousands digit of 661139?
6
What is the hundred thousands digit of 4042565?
0
What is the tens digit of 425722?
2
What is the ten thousands digit of 104256?
0
What is the units digit of 106496?
6
What is the hundred thousands digit of 30709075?
7
What is the units digit of 1701071?
1
What is the hundreds digit of 11571148?
1
What is the tens digit of 9591151?
5
What is the thousands digit of 88821?
8
What is the hundreds digit of 15461763?
7
What is the hundred thousands digit of 1017422?
0
What is the units digit of 1563720?
0
What is the units digit of 34041589?
9
What is the hundred thousands digit of 10351155?
3
What is the hundred thousands digit of 10644972?
6
What is the hundreds digit of 2017362?
3
What is the hundreds digit of 248615?
6
What is the thousands digit of 96441?
6
What is the millions digit of 1530894?
1
What is the units digit of 7959343?
3
What is the hundreds digit of 1245266?
2
What is the thousands digit of 817190?
7
What is the thousands digit of 512934?
2
What is the tens digit of 545478?
7
What is the thousands digit of 753965?
3
What is the hundreds digit of 547615?
6
What is the hundreds digit of 60064?
0
What is the ten thousands digit of 3146489?
4
What is the hundreds digit of 3243947?
9
What is the thousands digit of 9605020?
5
What is the hundreds digit of 1338349?
3
What is the thousands digit of 119590?
9
What is the millions digit of 2075644?
2
What is the thousands digit of 10027423?
7
What is the hundreds digit of 1571452?
4
What is the hundred thousands digit of 4038057?
0
What is the hundred thousands digit of 772585?
7
What is the hundred thousands digit of 290138?
2
What is the ten millions digit of 12503653?
1
What is the tens digit of 472584?
8
What is the millions digit of 1283264?
1
What is the hundred thousands digit of 17170359?
1
What is the thousands digit of 8853?
8
What is the units digit of 18106023?
3
What is the thousands digit of 91867?
1
What is the ten thousands digit of 168898?
6
What is the ten thousands digit of 48027?
4
What is the tens digit of 3711437?
3
What is the hundred thousands digit of 1011803?
0
What is the thousands digit of 160215?
0
What is the hundreds digit of 16552?
5
What is the thousands digit of 1504942?
4
What is the units digit of 9087?
7
What is the thousands digit of 408851?
8
What is the units digit of 981167?
7
What is the hundred thousands digit of 5274809?
2
What is the millions digit of 1975112?
1
What is the ten thousands digit of 106545?
0
What is the ten thousands digit of 2517104?
1
What is the hundred thousands digit of 454038?
4
What is the tens digit of 25171884?
8
What is the hundreds digit of 526058?
0
What is the thousands digit of 64823?
4
What is the units digit of 13313?
3
What is the units digit of 637434?
4
What is the ten thousands digit of 1679743?
7
What is the thousands digit of 4861105?
1
What is the hundred thousands digit of 353612?
3
What is the hundred thousands digit of 239764?
2
What is the hundreds digit of 2229185?
1
What is the hundred thousands digit of 2204888?
2
What is the ten thousands digit of 6170173?
7
What is the tens digit of 170133?
3
What is the units digit of 130553?
3
What is the millions digit of 5822319?
5
What is the tens digit of 950651?
5
What is the hundred thousands digit of 3550077?
5
What is the tens digit of 516645?
4
What is the units digit of 2732030?
0
What is the units digit of 3945332?
2
What is the millions digit of 10987423?
0
What is the hundreds digit of 3854256?
2
What is the hundred thousands digit of 2857040?
8
What is the hundred thousands digit of 557207?
5
What is the units digit of 5205296?
6
What is the thousands digit of 670511?
0
What is the tens digit of 26528480?
8
What is the units digit of 16175937?
7
What is the hundred thousands digit of 2209740?
2
What is the ten thousands digit of 5799881?
9
What is the hundreds digit of 14580093?
0
What is the thousands digit of 37471?
7
What is the thousands digit of 226843?
6
Wha